Let b(t) be the second derivative of h(t). Determine b(-2).
11
Suppose -4*d - 4*h = 12, 2*h + 6 = -4*d - 8. Let i = 6 + d. Let g(c) = 0 + c - 1 + i*c. Calculate g(-1).
-4
Let t(l) = -7*l + 8. Let s(n) = 8*n - 9. Let o(m) = 6*s(m) + 7*t(m). Determine o(-3).
5
Let b(u) = u**2 + 7*u - 5. Let j = -163 - -156. Give b(j).
-5
Let s(t) = -t**3 - t**2 - 2*t - 2. Let u = 3 - 6. Calculate s(u).
22
Let t(a) = -a**3 + 4*a**2 + 4*a + 6. Suppose 4 = p - 1. Determine t(p).
1
Let k(h) = -3*h**2 - h**3 - 3*h**3 + 2*h**2. Let t(m) = -m**3 + 4*m**2 - 2*m + 1. Let y be t(2). Suppose -3*v + 8 = y*p, 4*p + p - 4 = v. What is k(p)?
-5
Let t(i) = -3*i**3 - 5*i**2 - 4*i + 3. Let v(l) = 2*l**3 + 5*l**2 + 5*l - 4. Let n(o) = -3*t(o) - 4*v(o). Let c = 129 + -123. What is n(c)?
-5
Let a(l) be the first derivative of -l**3/3 + 2*l**2 + 3*l + 3. Determine a(5).
-2
Suppose m = -w - 1, 2*w - 4 = m + 9. Let z(u) = -u**3 + 5*u**2 - 4*u + 1. Determine z(w).
1
Suppose -5*v - 5*x = 0, 0 = 5*v - 0*x + 2*x. Let f(g) = -g**3 - g**2 + g + 6. Calculate f(v).
6
Suppose 20 = -0*x + 5*x. Let q(i) = -3*i - 2 - 3 + x*i - 3*i. Calculate q(-4).
3
Let y(p) = -9*p**2 - 12. Let r = 0 - -12. Let d(t) = -t**2 - 1. Let l(m) = r*d(m) - y(m). Calculate l(-1).
-3
Suppose 7*y - 10 = 2*y. Let i = -5 + y. Let m(r) = -4*r - r**2 - 5*r - 3 + 0*r + 8*r. Determine m(i).
-9
Let z(r) = -r**2. Let k(s) = 3 - 7*s**2 - 2*s - s**3 + 0*s + 3*s + 0*s**2. Let d(p) = -k(p) + 6*z(p). Give d(0).
-3
Let t(c) = 2 - 2 + c. Suppose 2*l - 22 = -4*s, -3 - 3 = 4*l - 2*s. Let o = l - 1. What is t(o)?
0
Let y(o) = -6*o + 3. Let u(g) = -g + 1. Let j(l) = 3*u(l) - y(l). Determine j(1).
3
Let s = 8 + -3. Let c(w) be the second derivative of w**5/20 - w**4/3 - 5*w**3/6 - w**2/2 + 11*w. Calculate c(s).
-1
Let d(g) = -g**2 + 6*g - 5. Let m(n) = 3*n**2 - 18*n + 15. Let v(k) = 17*d(k) + 6*m(k). What is v(6)?
5
Let k(i) = 3*i - 12. Let a be k(6). Let n(p) = -p**3 + 6*p**2 + p + 2. Determine n(a).
8
Let z = 5 + 0. Suppose 9 = -a + 3*d - 0*d, z*a = 2*d - 32. Let s(n) = 4*n. Let f(u) = 2*u. Let x(h) = a*s(h) + 10*f(h). What is x(2)?
-8
Suppose p = -3*p + 12. Let w(x) = 3*x**3 - 1 + 0*x + x**2 + 0*x - 9*x**p. Calculate w(1).
-6
Let k(p) be the second derivative of p**5/20 - p**4/12 + p**3/6 - 21*p**2/2 + 24*p. Give k(0).
-21
Suppose b = 3 - 0. Suppose -2*l = 4*n - b*n - 14, -2*n + 31 = 3*l. Suppose 2*i + 2*i - n = 0. Let p(a) = -a - 3. Determine p(i).
-8
Let u be (12/(-8))/((-2)/4). Let t(z) = -2*z**u - z + 3*z**2 + 2*z - z**2. Calculate t(-1).
3
Let x(l) = -l**3 + 2*l + 4 + l**2 + 3*l**3 - l**3 + l**2. Calculate x(-3).
-11
Let b(n) = n**3 - 10*n**2 + 2. Suppose 8*v = -2*f + 4*v + 28, -v - 28 = -3*f. What is b(f)?
2
Suppose 3*v + 10 = -2*v. Let z be (4 - 5)/(v/6). Let k(c) = c**3 - 3*c**2 + 2*c. Give k(z).
6
Let a = 99 - 107. Let l(s) = -2*s - 9. Calculate l(a).
7
Let u be (0/4)/(-1 + 4). Suppose -f + u*f = 0. Let a(g) = -g**2 + g - 5. Determine a(f).
-5
Let q(y) = -y**2 + 6*y + 2. Let p be (-2 - 5/(-3))*(-16 + -5). Calculate q(p).
-5
Let v(w) = -w**2 - 8*w + 6. Let h(x) = -2*x**2 - 3*x + 11. Let n be h(-4). What is v(n)?
-3
Let i(g) be the third derivative of g**4/24 - g**3/3 + g**2. Let l be i(5). Let h(z) = -4*z + l*z**2 - 2 + 3*z + 0*z**2 - 4*z**2. Determine h(2).
-8
Let q(o) = -o**3 - 6*o**2 + 6*o - 4. Suppose -4*p = -3*n - 21, -3*n + 5*p - 18 = 3. Let b be q(n). Let a(y) = 2 + y**2 - 2*y + 0*y - b*y. What is a(4)?
-2
Let h be ((-8)/3)/((-2)/6). Let n be (2 + -8)*(-4)/h. Let b(f) = n - 3*f + 0*f**2 - f**2 - 4. What is b(-4)?
-5
Let o(g) = 2 + 3*g**2 - 5 + 15*g - 17*g - 6*g**2. Give o(-2).
-11
Let b = 14 - 24. Let d be b*4*(-1)/10. Suppose -f = d*z + f + 18, z + 10 = 5*f. Let a(x) = x**2 + 4*x - 4. Determine a(z).
1
Let n(b) = b**2 + 4*b + 1. Suppose -4*h + m - 17 = 0, -h = 2*h + 2*m + 10. Give n(h).
1
Let z(r) be the first derivative of -4*r**3/3 - 3*r**2/2 - 8. Calculate z(-2).
-10
Let i(b) = 4*b**3 - 4*b**2 + b + 5. Let t be 1*(-5)/4*4. Let a(u) = -u**3 - u - 1. Let h(k) = t*a(k) - i(k). Calculate h(-3).
-3
Let z(y) = y**2 + y + 4. Let o(c) = -c. Let i(q) = 3*o(q) - z(q). What is i(-4)?
-4
Suppose 0 = -6*d - 0*d + 18. Let i(q) = -q**2 + 2*q. Determine i(d).
-3
Let d(a) be the second derivative of a**4/12 - 5*a**3/6 - 7*a**2/2 + 13*a. Give d(5).
-7
Let q(w) = -w**3 - 5*w**2 + 2*w - 2. Let t(p) = -p**3 - 3*p**2 + 4*p + 6. Let o be t(-3). Let m(b) = -b**3 - 7*b**2 - 4*b + 7. Let r be m(o). What is q(r)?
-12
Let l(u) = u**2 - u + 3. Let c be l(0). Suppose 4*g - 4*p + 50 = 2, -20 = 5*g + c*p. Let o = g - -4. Let i(w) = w - 3. Calculate i(o).
-6
Let l(g) = -g - 1. Let j(p) = 3*p + 5. Let q(o) = -j(o) - 2*l(o). Let i(f) = -3*f - 1. Let x be i(-2). Suppose x = 3*d - 2*d. What is q(d)?
-8
Let x(q) be the first derivative of q**4/12 - 5*q**3/6 - 5*q**2/2 - 3*q + 4. Let i(j) be the first derivative of x(j). Calculate i(5).
-5
Let m(r) = -16. Let y(u) = -u + 9. Let t(z) = 3*m(z) + 5*y(z). Let v(x) = x**2 - 6*x + 3. Let d be v(5). Calculate t(d).
7
Let y(a) be the first derivative of -a**4/12 - 4*a**3/3 - a**2 + 3. Let u(x) be the second derivative of y(x). Give u(-6).
4
Let r be 3*2*21/(-18). Let m(o) = o + 8. Let i be m(r). Let f be (-4)/2 + i + 3. Let p(h) = 2*h**3 - 3*h**2 + 2. Determine p(f).
6
Suppose -2*o - 4*m = 22 + 6, -2*m + 2 = -3*o. Let w(v) = -v. What is w(o)?
4
Let g(n) be the third derivative of -n**4/24 - n**3/3 + 10*n**2. Determine g(5).
-7
Let u(r) = -r**2 - 2*r + 4. Suppose -4*n + 8 = -12. Let p(b) = -7*b + 1. Let s(y) = -15*y + 2. Let v(c) = 13*p(c) - 6*s(c). Let d be v(n). Determine u(d).
-4
Let x(u) be the third derivative of -u**6/360 + u**5/40 - u**4/6 - 2*u**3/3 - u**2. Let r(a) be the first derivative of x(a). Give r(3).
-4
Let a(o) = 4*o + 7. Let w(s) = -5*s - 4. Let t(d) = -14*d - 11. Let z(g) = 4*t(g) - 11*w(g). Let j(b) = -a(b) - 3*z(b). Calculate j(0).
-7
Let z(q) = q**3 - 5*q**2 + 5*q - 4. Let s be 8*1/(-6)*-3. Determine z(s).
0
Let z(m) = -4*m - 3. Let p = 5 - 0. Suppose 3*f = p*w + 12, -5*w + 5*f - 6 - 4 = 0. Determine z(w).
9
Suppose 6*n - 4 = 2*n. Suppose 11 = 2*r - w, -w + 0 = n. Suppose 1 + 4 = -r*f. Let k(d) = d**3 + 2*d**2 - 1. Determine k(f).
0
Let y = 0 + -2. Let g(m) = 2*m**3 - 5*m**2 + 3*m + 1. Let x be g(3). Let i(n) = -2*n**2 - n**3 - x + 2*n**3 - 4*n + 17. Calculate i(y).
-10
Let h(g) = g + 6 + 7 - 22 + 8. Calculate h(-5).
-6
Let g(i) be the third derivative of i**6/120 - i**5/12 + 5*i**4/24 - i**3 - i**2. Suppose -12*t + 17 = 5*p - 11*t, -p + 5*t + 19 = 0. Give g(p).
-2
Let r be (-4)/(4/3) + 2. Let t(g) = 14*g + 1. Determine t(r).
-13
Let z(g) = g**2 - 8*g + 6. Let o(d) = d**3 - 3*d**2 - 7*d + 6. Let h be o(4). Let r = -1 - h. Calculate z(r).
-9
Let p(m) = -m**3 + 9*m**2 - 7*m - 5. Suppose -5*v + 2*t + 22 = -20, -20 = -2*v + 4*t. Give p(v).
3
Let b = -5 - 1. Let j = b + 3. Let m(h) = -h**3 + h**2 - 3*h + 4. Let g(v) = -v**3 - v**2 + v - 1. Let l(z) = j*g(z) - m(z). What is l(1)?
5
Let b(c) = -c**3 - 7*c**2 + 10*c + 10. Let g be b(-8). Let y(f) = -f - 2. Give y(g).
4
Let a(h) be the first derivative of h**4/4 - h**3 + h + 2. Suppose -2*s = 2*c - 10, -2*c = 3*c - 5*s + 5. Determine a(c).
-3
Let h(t) be the second derivative of -t**3/6 + 3*t**2/2 + 16*t. Calculate h(3).
0
Suppose 6*f - 7*f = -4. Let x(v) = v + f*v + v - 3*v**2 + 2*v**2. Give x(5).
5
Suppose 0*s = 5*k + 3*s - 19, k - 17 = -5*s. Let g(h) = k*h - 2 + 6 - 1 + 1. Calculate g(4).
12
Let u(z) = z**3 + 5*z**2 - 5*z + 5. Suppose 32*k - 33*k = 6. Give u(k).
-1
Let p(l) = l**2 - l. Let s(q) = -3*q + q**2 + 3*q**3 + 0*q**2 + 1 - 14*q**3. Let f(x) = -3*p(x) + s(x). What is f(1)?
-12
Let s(b) = -2*b + 7. Let v be s(5). Let j(x) = 8*x - 29. Let q(d) = -3*d + 10. Let i(y) = -4*j(y) - 11*q(y). Determine i(v).
3
Let b be (-15)/(-3) + (-15)/5. Let t(z) = -b*z + z**2 - 2*z + 1 - 5. Give t(6).
8
Let b(v) = 0 + 4*v**2 + v - v**3 + 2*v + 5. Suppose 3*o - 38 = -23. What is b(o)?
-5
Let n be (1 + 0)*-2 + 0. Suppose 0 = -5*x + 10. Let v(t) = -x*t + 3 + t + 4*t. Determine v(n).
-3
Let u(s) be the first derivative of -s**3/3 + 7*s**2/2 - 2*s - 22. Give u(7).
-2
Let m(s) = -2*s**2 - 2*s - 4. Let k(p) = p**2 - p. Let w(l) = -k(l) - m(l). Let n = 1 - -2. Suppose -z + 0*z = n. What is w(z)?
4
Let h = 5 + -12. Let v be (-12)/(-42) + 2/h. Let k(z) = 5*z - 7. Let w(q